4*a - 16, 2*s - 3*a - 19 = 0. Let r be 2/4 + 11/s. Suppose 2 = -5*d + 32. What is the greatest common factor of r and d?
6
Suppose 0 = 5*j + 2 - 17. Suppose j*r = 39 - 12. Calculate the highest common divisor of 27 and r.
9
Let j = 7 - 5. Suppose -w = -b + 15, 2*b + j = -4*w + 50. What is the greatest common divisor of b and 45?
9
Let k be (6 + -5)/((-1)/2). Let s be (0 - k)*-1*-14. What is the highest common factor of s and 7?
7
Let a(x) = x**3 + 2*x**2 - 3*x - 1. Let t be a(3). Calculate the highest common factor of 7 and t.
7
Let c be 45 + (2 - (3 + -1)). Suppose 0 = n + 38 + 16. Let r be (2/(-3))/(4/n). Calculate the greatest common divisor of c and r.
9
Let m(r) = r**2 + 7*r + 4. Let q be m(-7). Suppose 6*s - s - 58 = -2*z, 16 = q*z. What is the highest common divisor of s and 4?
2
Suppose 3*i + 12 = 6*i. Suppose -5*o + 124 = 3*f, 3*f + 0*f = -i*o + 122. Calculate the highest common factor of 19 and f.
19
Suppose -2 = -3*h + 25. What is the highest common factor of 27 and h?
9
Suppose 4*b - 58 = 2*b. Calculate the greatest common divisor of 319 and b.
29
Suppose 5*d = 3*b + 4275, -5*d + 6*b - b + 4285 = 0. Let t = -596 + d. What is the highest common divisor of t and 32?
32
Suppose -6*z = z - 147. What is the greatest common factor of z and 168?
21
Let j = 6 + -6. Suppose 0*l - l + 162 = j. What is the highest common factor of 18 and l?
18
Suppose 2*z + 0*m + 5*m = 32, 5*m + 20 = 0. Let d = 66 - z. Suppose -l + 80 = 4*l. What is the greatest common divisor of l and d?
8
Suppose -2*o = -3*o + 1. Let a be o/2 + 648/(-16). Let v be (-4)/12 - a/3. What is the greatest common divisor of v and 117?
13
Let c = 20 - 8. What is the highest common factor of 108 and c?
12
Let t(q) = -q**3 + 10*q**2 - 9*q + 7. Let k be t(9). Suppose 0 = -4*x + 2*b - k + 35, 2 = -b. What is the greatest common factor of x and 24?
6
Let g be 4/8 - (-2)/(-4). Let l be (0 - g) + (17 - -1). Calculate the greatest common divisor of 27 and l.
9
Let r(g) = g**3 + 5*g**2 - 2. Let c be r(-5). Let a be (-252)/(-30) + c/5. Calculate the highest common divisor of 72 and a.
8
Let k be 1/(35/17 - 2). Suppose 15*x = 18*x - 408. What is the highest common divisor of x and k?
17
Suppose -k + 3 = -2. Suppose 2*f = 4*o - 238, k*o + 0*o + 5*f - 335 = 0. Calculate the greatest common divisor of o and 31.
31
Let a(x) = 4*x**2 + 12 - 3*x**2 + 13*x - 2*x**2. Let q be a(13). Let u = -6 + q. Calculate the highest common divisor of 6 and u.
6
Suppose c - 1 = -2. Let l be (-2)/2 + c + 56. Calculate the greatest common factor of l and 6.
6
Suppose -18*y + 80 = 2*y. Let l be 8/(((-2)/1)/(-2)). Calculate the highest common divisor of l and y.
4
Let n = 7 + 35. Let z(o) = -o**2 - 12*o - 8. Let w be z(-11). Suppose 4*j + 5*f = 109, -104 = -5*j + w*f - 14. What is the greatest common divisor of n and j?
21
Suppose 4*q - 7*q = -n, -38 = -5*n - 4*q. What is the highest common divisor of 78 and n?
6
Let p(b) = b + 2. Let j be p(-2). Suppose j*o + 165 = 4*o - 5*x, 12 = 4*x. Calculate the highest common divisor of 9 and o.
9
Let b be 7/28 + (-1)/4. Let d be (3 + -1)/4*-2. Let j be (-6)/(b/3 + d). Calculate the highest common divisor of j and 18.
6
Suppose -2*y + 48 = 4*b - 2*b, 0 = b + 1. Let m be (-4)/(-3 - -1) - -3. Let g = y + m. Calculate the highest common factor of g and 75.
15
Let a = 186 - 111. Let x be (-25)/(4/(-2 + -2)). What is the highest common divisor of x and a?
25
Let u = -19 - -21. Suppose -4*t + 3*t - 5 = 0, 4*t - 232 = -u*d. Let b be -2*(1 - 0)*-9. What is the greatest common divisor of d and b?
18
Suppose 408 = 3*y + 153. What is the greatest common divisor of 17 and y?
17
Let q(n) = -n**2 - 5*n - 5. Let y be q(-5). Let w = y + 2. Let o be -5*((-369)/15 - w). What is the greatest common factor of o and 12?
12
Let a = -170 + 296. Calculate the greatest common divisor of 42 and a.
42
Suppose -3*l = 4*z - 37, z + 13 = 2*z - 3*l. What is the greatest common factor of 10 and z?
10
Let l be (1 - 4/6)*21. Let v(r) = -15*r + 1. Let j be v(-4). Suppose -114 - j = -5*o. Calculate the greatest common factor of o and l.
7
Let y = -52 - -94. Suppose -j - 24 - y = 0. Let h = -21 - j. Calculate the highest common divisor of 15 and h.
15
Suppose -2*f + 3*i + 179 = -2*i, -3*f - 5*i = -206. Calculate the greatest common factor of 7 and f.
7
Let m = 52 - 4. Calculate the greatest common divisor of m and 6.
6
Let w(h) = 3*h**2 + 1 + 2 - 7*h + 1 + 3*h**2. Let d be w(4). Calculate the greatest common factor of d and 8.
8
Let u be 1 + -2 + (2 - -1). Let y be 6*(-3 + (-7)/(-3)). Let w(x) = 2*x**2 + 5*x - 2. Let r be w(y). What is the greatest common factor of u and r?
2
Let q(o) = -2 - 2 + 175*o**3 - 2*o**2 + 4*o**2 + 3. Let u be q(1). Suppose -4*m + 84 = 5*h, -2*m - 21 = 4*h - 87. What is the greatest common factor of h and u?
16
Suppose -4*z + 5*z - 104 = 0. Let t = 12 - 7. Suppose -x = -4*r - t, -3*x - r = -5*x + 24. What is the highest common divisor of x and z?
13
Suppose -3*g = 12, 2*b + 6 = -2*g + 4. Suppose -31 = -y - 13. Calculate the greatest common factor of b and y.
3
Let h = -33 - -49. Let w = 6 - 11. Let d(s) = s**3 + 7*s**2 + 4*s - 6. Let k be d(w). Calculate the greatest common divisor of h and k.
8
Suppose 0 = b + 2*b + 3*w - 27, 0 = -w - 4. Calculate the highest common divisor of 52 and b.
13
Let d(l) = -17*l - 2. Let a be d(-2). Suppose 5*u - 107 = -a. What is the highest common factor of 30 and u?
15
Let w = 1 + 7. Calculate the highest common factor of w and 1.
1
Let q be (-20)/(-35) + (-180)/(-28). Suppose -21 + 7 = -n. What is the highest common divisor of q and n?
7
Let h = 60 + -48. What is the highest common divisor of 8 and h?
4
Let p(z) = -z**2 - 12*z - 10. Let o be p(-10). What is the greatest common factor of o and 20?
10
Let y be 24/(-60) - (-182)/5. What is the greatest common factor of 90 and y?
18
Let p(t) = t + 9. Let l be p(-8). Let s be 2 - (0 - (l - -2)). Suppose 5*g = -25, 2*g + 7 + 13 = s*x. Calculate the highest common divisor of x and 18.
2
Let b = 74 - -179. Calculate the highest common factor of 11 and b.
11
Let t = -27 + 17. Let b be (-55)/t + 2/4. Calculate the greatest common divisor of b and 42.
6
Let r(k) = k + 31. Let j be r(-10). What is the greatest common divisor of 42 and j?
21
Let v be (-30)/20*-1*2. What is the highest common factor of 27 and v?
3
Let i(f) = f**2 + 5*f - 9. Let z be i(-8). Suppose -5*w + z = -4*w. What is the greatest common factor of w and 60?
15
Suppose 5*m = 3*i - 1, -2*i - 6 = 5*m + 10. Let u = 7 + i. What is the greatest common factor of 1 and u?
1
Let s(j) = 7*j - 84. Let d be s(27). What is the highest common factor of d and 63?
21
Let r be 27/2*10/15. Calculate the highest common divisor of 9 and r.
9
Let w = -58 + 82. Suppose -2*r = -r - w. What is the highest common factor of r and 60?
12
Suppose 4*g - 19 = 13. Calculate the highest common factor of g and 16.
8
Suppose 3*b + 3 = -o, -5*b = 4*o - b - 4. Suppose 5*y + 2*n - 758 = 0, o*n = -4*y - n + 604. What is the highest common divisor of y and 19?
19
Suppose -103 = -20*j - 23. What is the highest common factor of j and 2?
2
Let b(x) = x**3 - 4*x**2 + 2*x - 4. Let z(p) = p**2 + 4*p - 1. Let i be z(-5). Let v be b(i). What is the highest common factor of v and 6?
2
Suppose 0*i = -5*i + 350. What is the greatest common factor of i and 56?
14
Let r(l) = -8*l + 1. Let z(x) = -105*x + 12. Let t(h) = -27*r(h) + 2*z(h). Let g be t(5). Let f = -1 + 19. What is the greatest common divisor of g and f?
9
Let m = 2 + 0. Suppose -50 = -m*t + 30. Calculate the greatest common factor of t and 8.
8
Suppose -2*d = 3*f - 24, -d + 6 - 3 = 0. Calculate the highest common divisor of f and 66.
6
Let k = -11 + 7. Let y = 7 + k. What is the highest common divisor of y and 6?
3
Suppose -4*c + 7 = -9. Let o = -2 + c. Let v be 10/4 + 1/o. What is the highest common factor of 21 and v?
3
Let q = 61 + -208. Let y = q + 224. What is the greatest common factor of 11 and y?
11
Suppose -2*f - m = -395, 3 = 5*m + 8. Calculate the highest common factor of 18 and f.
18
Let r(l) = 4*l - 1. Let g be r(1). Suppose 137 = g*u - 115. Calculate the highest common divisor of 12 and u.
12
Suppose 0 = -0*g - 5*g + 10. Suppose -v - 3*q = -0*q - 9, -2*v - g*q + 18 = 0. Calculate the greatest common factor of v and 81.
